{"version":"1.0","provider_name":"ENSCM","provider_url":"https:\/\/www.enscm.fr\/fr\/","author_name":"jbismuth@enscm.fr","author_url":"https:\/\/www.enscm.fr\/fr\/author\/jbismuthenscm-fr\/","title":"Lutte pour l\u2019\u00e9galit\u00e9 dans le monde de l\u2019entreprise - ENSCM","type":"rich","width":600,"height":338,"html":"<blockquote class=\"wp-embedded-content\" data-secret=\"xTpHNZSGnO\"><a href=\"https:\/\/www.enscm.fr\/fr\/lutte-pour-legalite-dans-le-monde-de-lentreprise\/\">Lutte pour l\u2019\u00e9galit\u00e9 dans le monde de l\u2019entreprise<\/a><\/blockquote><iframe sandbox=\"allow-scripts\" security=\"restricted\" src=\"https:\/\/www.enscm.fr\/fr\/lutte-pour-legalite-dans-le-monde-de-lentreprise\/embed\/#?secret=xTpHNZSGnO\" width=\"600\" height=\"338\" title=\"\u00ab\u00a0Lutte pour l\u2019\u00e9galit\u00e9 dans le monde de l\u2019entreprise\u00a0\u00bb &#8212; ENSCM\" data-secret=\"xTpHNZSGnO\" frameborder=\"0\" marginwidth=\"0\" marginheight=\"0\" scrolling=\"no\" class=\"wp-embedded-content\"><\/iframe><script type=\"text\/javascript\">\n\/* <![CDATA[ *\/\n\/*! This file is auto-generated *\/\n!function(d,l){\"use strict\";l.querySelector&&d.addEventListener&&\"undefined\"!=typeof URL&&(d.wp=d.wp||{},d.wp.receiveEmbedMessage||(d.wp.receiveEmbedMessage=function(e){var t=e.data;if((t||t.secret||t.message||t.value)&&!\/[^a-zA-Z0-9]\/.test(t.secret)){for(var s,r,n,a=l.querySelectorAll('iframe[data-secret=\"'+t.secret+'\"]'),o=l.querySelectorAll('blockquote[data-secret=\"'+t.secret+'\"]'),c=new RegExp(\"^https?:$\",\"i\"),i=0;i<o.length;i++)o[i].style.display=\"none\";for(i=0;i<a.length;i++)s=a[i],e.source===s.contentWindow&&(s.removeAttribute(\"style\"),\"height\"===t.message?(1e3<(r=parseInt(t.value,10))?r=1e3:~~r<200&&(r=200),s.height=r):\"link\"===t.message&&(r=new URL(s.getAttribute(\"src\")),n=new URL(t.value),c.test(n.protocol))&&n.host===r.host&&l.activeElement===s&&(d.top.location.href=t.value))}},d.addEventListener(\"message\",d.wp.receiveEmbedMessage,!1),l.addEventListener(\"DOMContentLoaded\",function(){for(var e,t,s=l.querySelectorAll(\"iframe.wp-embedded-content\"),r=0;r<s.length;r++)(t=(e=s[r]).getAttribute(\"data-secret\"))||(t=Math.random().toString(36).substring(2,12),e.src+=\"#?secret=\"+t,e.setAttribute(\"data-secret\",t)),e.contentWindow.postMessage({message:\"ready\",secret:t},\"*\")},!1)))}(window,document);\n\/\/# sourceURL=https:\/\/www.enscm.fr\/wp\/wp-includes\/js\/wp-embed.min.js\n\/* ]]> *\/\n<\/script>\n","thumbnail_url":"https:\/\/www.enscm.fr\/app\/uploads\/2023\/08\/acticle-aap-jeme_claraducreux.jpg","thumbnail_width":439,"thumbnail_height":437,"description":"Dans le cadre de l'appel \u00e0 projet du minist\u00e8re sur le th\u00e8me \u00ab Valorisation de l'engagement \u00e9tudiant et du personnel en faveur de l'\u00e9galit\u00e9 et de la lutte contre les violences sexistes et sexuelles \u00bb, trois \u00e9l\u00e8ves de l'ENSCM (Antoine Barberon, Clara Ducreux et Jean-Max Mazeri) organisent la JEME de l\u2019ENSCM (Journ\u00e9e pour l'\u00c9galit\u00e9 dans le Monde de l'Entreprise)."}

Lutte pour l’égalité dans le monde de l’entreprise - ENSCM

<blockquote class="wp-embedded-content" data-secret="xTpHNZSGnO"><a href="https://www.enscm.fr/fr/lutte-pour-legalite-dans-le-monde-de-lentreprise/">Lutte pour l’égalité dans le monde de l’entreprise</a></blockquote><iframe sandbox="allow-scripts" security="restricted" src="https://www.enscm.fr/fr/lutte-pour-legalite-dans-le-monde-de-lentreprise/embed/#?secret=xTpHNZSGnO" width="600" height="338" title="« Lutte pour l’égalité dans le monde de l’entreprise » &#8212; ENSCM" data-secret="xTpHNZSGnO" frameborder="0" marginwidth="0" marginheight="0" scrolling="no" class="wp-embedded-content"></iframe><script type="text/javascript">
/* <![CDATA[ */
/*! This file is auto-generated */
!function(d,l){"use strict";l.querySelector&&d.addEventListener&&"undefined"!=typeof URL&&(d.wp=d.wp||{},d.wp.receiveEmbedMessage||(d.wp.receiveEmbedMessage=function(e){var t=e.data;if((t||t.secret||t.message||t.value)&&!/[^a-zA-Z0-9]/.test(t.secret)){for(var s,r,n,a=l.querySelectorAll('iframe[data-secret="'+t.secret+'"]'),o=l.querySelectorAll('blockquote[data-secret="'+t.secret+'"]'),c=new RegExp("^https?:$","i"),i=0;i<o.length;i++)o[i].style.display="none";for(i=0;i<a.length;i++)s=a[i],e.source===s.contentWindow&&(s.removeAttribute("style"),"height"===t.message?(1e3<(r=parseInt(t.value,10))?r=1e3:~~r<200&&(r=200),s.height=r):"link"===t.message&&(r=new URL(s.getAttribute("src")),n=new URL(t.value),c.test(n.protocol))&&n.host===r.host&&l.activeElement===s&&(d.top.location.href=t.value))}},d.addEventListener("message",d.wp.receiveEmbedMessage,!1),l.addEventListener("DOMContentLoaded",function(){for(var e,t,s=l.querySelectorAll("iframe.wp-embedded-content"),r=0;r<s.length;r++)(t=(e=s[r]).getAttribute("data-secret"))||(t=Math.random().toString(36).substring(2,12),e.src+="#?secret="+t,e.setAttribute("data-secret",t)),e.contentWindow.postMessage({message:"ready",secret:t},"*")},!1)))}(window,document);
//# sourceURL=https://www.enscm.fr/wp/wp-includes/js/wp-embed.min.js
/* ]]> */
</script>

Dans le cadre de l'appel à projet du ministère sur le thème « Valorisation de l'engagement étudiant et du personnel en faveur de l'égalité et de la lutte contre les violences sexistes et sexuelles », trois élèves de l'ENSCM (Antoine Barberon, Clara Ducreux et Jean-Max Mazeri) organisent la JEME de l’ENSCM (Journée pour l'Égalité dans le Monde de l'Entreprise).
